hat is the units digit of 2278 - (-1 - 12/(-1))?
7
Let a = 2563 - 1737. Suppose -13*b + 123 + a = 0. What is the tens digit of b?
7
Let t(r) = -14*r - 3. Suppose -2*o - 16 = -4*o. Suppose 3*l - 30 + o = 2*m, -3*m = l + 11. What is the units digit of t(m)?
7
Let x = -121 + 125. Suppose 9*g = 2*p + 8*g - 452, -x*p - 2*g + 912 = 0. What is the hundreds digit of p?
2
Suppose 13 - 4 = t. Suppose t*w + 23 = 5. What is the hundreds digit of (2198/(-7))/(w/1)?
1
Let n be ((-60)/45)/(2/3)*-55. Let u = 146 - n. What is the tens digit of u?
3
What is the tens digit of (-336)/126*(-153012)/16?
0
Suppose -10*b - 2*r = -7*b - 13, 0 = 5*b + 5*r - 30. Let y be 12/b*(2 + 36/8). Suppose 7*v - y = v. What is the units digit of v?
3
Suppose -3*z + 12 - 24 = 0, -5*n + 104874 = 4*z. What is the units digit of n?
8
Let p(w) = w**3 + 19*w**2 + 5*w + 32. Let b be p(-20). Let j(h) = -80*h**2 + 2*h - 2. Let x be j(2). Let c = x - b. What is the hundreds digit of c?
1
Suppose -16*z + 46388 = -25836. What is the tens digit of z?
1
Let s = -771 - -4193. Suppose 8*u - s = 4882. What is the units digit of u?
8
Let a = 6020 + 1155. What is the hundreds digit of a?
1
Suppose 21 = 2*x - 2*g - 3*g, g = -3*x - 11. What is the hundreds digit of 72*(x - (-56)/12)?
1
Let t(h) = -2*h**2 + h - 1. Let q be t(-2). Let v = q - -19. Suppose -v*z = -4*z - 356. What is the tens digit of z?
8
What is the ten thousands digit of (-2 - 48406)*(-364)/1092?
1
Suppose -11*w = -9*w - 236. Suppose -d - w = -404. What is the tens digit of d?
8
Let m(t) = 2 + 3*t + 3*t + t + t**3 + 5*t**2 - 3*t. Let w be m(-4). Suppose -3*i + w*l + 220 = 0, 3*i - l = 4*l + 208. What is the tens digit of i?
7
Let u = -644 - -1044. Suppose 8*a = 6*a + u. What is the hundreds digit of a?
2
Suppose -887 + 2767 = -8*t. Let k = t + 443. Suppose -2*d + 3*q = -k, -5*d + 2*q + 432 = -d. What is the units digit of d?
0
Let z = -37 + 39. Suppose 3*b - 2*o = z*o + 14, 4*b = -5*o + 29. Suppose 0 = g - 2*p - 115, 0 = -g - p + b*p + 130. What is the units digit of g?
5
Suppose 5*o - 5*l + 1410 = 0, -l - 283 = o + 9. Let g = 170 - o. What is the hundreds digit of g?
4
Let f be (1/3)/(4/(-36)). Let n be (-3 + 3)*f/9. Suppose q + 5*a - 18 = 0, n*q = 4*q - 2*a - 94. What is the tens digit of q?
2
What is the units digit of 137 + 3 + 91/13?
7
Suppose -5*z = 2*z + 3*z. Suppose z = c - 148 + 35. Suppose -11 = -2*s + c. What is the units digit of s?
2
Let o(d) = d**3 + 2*d**2 + 371. Let x = 30 + -30. Let v be o(x). Let z = v - 97. What is the units digit of z?
4
Let v be ((-6)/(-9))/(5*(-4)/(-390)). Suppose 7*y = v*y - 18. Suppose -q + 5*p + 161 - y = 0, -2*q + 336 = -5*p. What is the units digit of q?
8
What is the hundreds digit of (-594)/891 - 13313/(-3)?
4
Let k be 90/(-10) + 18 - 5. Suppose 0 = -4*l - 4*b + 2785 + 3579, -k*l = -b - 6374. What is the hundreds digit of l?
5
Let i be (-19 + 1 + 16)/((-4)/634). Suppose -3 = -3*d + 12. Suppose -3*x - 456 = -d*q, 4*q - i - 70 = -5*x. What is the tens digit of q?
9
Suppose -5*m - 21497 + 65503 = 2*v, 3*m - v - 26397 = 0. What is the tens digit of m?
0
Let u(n) = 4*n**2 - 30*n + 26. What is the tens digit of u(18)?
8
Let l be 2/21 - (-177458176)/2352. What is the thousands digit of (4 - l/(-66)) + (-6)/33?
1
Let c = 14928 + -7825. What is the hundreds digit of c?
1
Let g = 133 + -437. Let b = 342 + g. What is the units digit of b?
8
Let s(b) = 3 - 2*b + 14 + 4. Let j be (-10 + 8)/(8/(-32)). What is the units digit of s(j)?
5
What is the tens digit of 10/(-30) + -24*(-12392)/36?
6
Let s(z) be the first derivative of -z**4/4 + 8*z**3/3 + 17*z + 14. What is the tens digit of s(6)?
8
Let s be 24/(-32) + (-1 - (-86)/8). What is the hundreds digit of (s/6)/((54/1312)/9)?
3
What is the units digit of ((-227)/(-30) - 51/(-510))*3?
3
Suppose 0 = -7*l + 510361 - 177042. What is the hundreds digit of l?
6
Let h = 8693 - -1452. What is the thousands digit of h?
0
Suppose -i - 20 = -5*i. Let b(g) = -i*g**2 + 3*g**2 - 4*g**2 + 6 + g**3 - 4*g + 8*g. What is the units digit of b(5)?
1
Let i = 116 - 63. Let t = 473 - i. Suppose 0 = 5*u - 5*m - t, 474 - 51 = 5*u - 2*m. What is the units digit of u?
5
Let w = -29 - -26. Let i be ((-3)/2)/((-2)/(-12)*w). Suppose 0 = 5*o - o + 5*v - 683, -i*o - 5*v + 506 = 0. What is the units digit of o?
7
Let s = -37062 - -70886. What is the units digit of s?
4
Let i(f) = f**3 - 26*f**2 - 125*f + 92. What is the units digit of i(32)?
6
Suppose 2*g + a - 33 = -10, -3*a = 5*g - 60. Suppose g*x - 374 = 11443. What is the hundreds digit of x?
3
What is the hundreds digit of 150*(-84)/(-54)*144/42?
8
Suppose -40*q + 38*q - 4*c = -35124, 0 = 2*c + 10. What is the ten thousands digit of q?
1
Let t(v) = -v**3 - 5*v**2 - 7*v + 18. Let d be t(-6). What is the units digit of 2 - (-197)/2 - d/64?
9
What is the hundreds digit of 0*(-11)/(-165) - (-1716)/3?
5
Suppose 698 = -8*g + 3210. Let a = 809 - g. What is the units digit of a?
5
Let g = -54198 - -85026. What is the ten thousands digit of g?
3
Let x(k) = -18*k - 2. Let f be x(-3). Suppose 0 = o + 2*t + 40, -2*o + 4*t - 25 = 47. Let m = f + o. What is the tens digit of m?
1
Suppose -5*x + 4*g = -169760, x - 11931 = -5*g + 21992. What is the units digit of x?
8
What is the units digit of 13692/(-63)*8253/(-84)?
3
Let o = -37997 + 53232. What is the tens digit of o?
3
Let n(y) = y**2 - 4. Let u be n(-3). Suppose 5*c = p - 5 + 22, c - u*p = 13. What is the tens digit of ((-128)/12)/((c - 0)/(-9))?
3
Suppose 74043 + 34480 = 47*w. What is the tens digit of w?
0
Let x(i) be the second derivative of i**5/10 - i**4/6 + 5*i**3/6 - 6*i**2 + 16*i. Let o be x(5). Suppose -7*r + 417 = -o. What is the units digit of r?
0
What is the hundreds digit of 2795/416*4242 + (-1)/(-16)?
5
Let g(o) be the third derivative of 1/3*o**3 - 17*o**2 + 0 + 0*o - 35/6*o**4. What is the tens digit of g(-1)?
4
Let i(j) = -j**2 + 6*j - 1. Let x be i(-3). What is the units digit of 36*(-7)/x + 752?
1
Suppose -17*b = -24*b + 49. Suppose 0 = 24*n - b*n - 918. What is the tens digit of n?
5
Suppose 0 = 222*x - 223*x + 258. Suppose -4*h = -5*s - 272 - 655, -h + x = 4*s. What is the hundreds digit of h?
2
Suppose -97275 = -301*r + 276*r. What is the units digit of r?
1
Suppose 0 = -7*w + 2 + 5. Let j be 335 - (w + 2)/3. What is the tens digit of 2/(-5) - j/(-10)?
3
Let r be -45 + 4*(-20)/(-16). What is the hundreds digit of (181/2)/((-20)/r)?
1
Suppose 149 = 59*c - 559. Let h = 532 - -1246. What is the units digit of h/c - (-7)/(-42)?
8
Let l be 6 + -12 - 518/(-1). Suppose 62 = 2*g - 5*i - l, 3*g = 5*i + 861. What is the hundreds digit of g?
2
Suppose 0 = 2*m - 2*w + 34, -2*m - 38 = 81*w - 79*w. What is the thousands digit of 25780/15*m/(-24)?
1
Let m = 587 + -547. What is the units digit of (m/16 - 2)/((-2)/(-3428))?
7
Suppose -p - 4*u = -20, -2*p = -5*u + 3 + 9. Let r(b) be the third derivative of 5*b**4/8 - 7*b**3/6 + 23*b**2. What is the units digit of r(p)?
3
Let y(m) = -43*m + 12*m + 14*m - 24 + 10*m. Let z be y(-11). Suppose 52*n = z*n - 115. What is the units digit of n?
5
Suppose -3*i + 104 = 5*n, -n + 2*n = 5*i + 4. What is the units digit of (-975)/2*n/(95/(-8))?
0
Let g = 13 + -8. Suppose -4 + 14 = -g*f. What is the hundreds digit of f*(7 - 5) - -240?
2
Let h(q) = -q**3 + 3*q**2 - 2*q - 6. Let i be h(3). Let f be ((-3)/i)/(1/8). What is the units digit of ((-25)/2)/((-1)/f)?
5
Suppose -2*r - 200 + 2586 = 3*d, 5*r = 3*d - 2351. Suppose 824 + d = 3*s - 2*m, 0 = -3*s - 2*m + 1600. What is the units digit of s?
6
What is the hundreds digit of (-1)/(-49*16/(-448))*118447/(-2)?
8
Let b = -110 - -112. Suppose -o - b*n = -14 + 2, -o + 7 = n. Suppose 3*u = o*r + 514, 1053 = 4*u + 4*r + 401. What is the units digit of u?
8
Let w be (20/(-8))/(4*(-4)/(-32)). Let j(q) = -2*q**3 - q**2 + 5*q + 4. What is the hundreds digit of j(w)?
2
Let a(s) = -s**3 + 24*s**2 - 23*s + 3. Let i be a(23). Suppose 1416 = 4*u + 3*l, -2*l + i*l = -3*u + 1062. What is the hundreds digit of u?
3
Suppose 29*w - 12199 = 2968. Let m = -119 + w. What is the hundreds digit of m?
4
Let s = 1 + 19. Suppose 0 = i - 2*g - s, 2 = 3*i + 3*g - 76. What is the units digit of i?
4
Let y = 89 + -142. Let u = -43 - y. Suppose 159 = u*o - 1461. What is the units digit of o?
2
Let a(t) = 1425*t**2 + 59*t - 241. What